- (-12)/(5 + -1). Let y(j) be the first derivative of -j**3/3 + 3*j**2/2 - 3*j + 1. What is y(t)?
-1
Let d(i) = -5*i**2 + 2*i - 1. Let y(t) = -2*t + 33. Let c be y(16). What is d(c)?
-4
Let z(u) = u + 1. Let x(t) = t + 1. Let i be 0 + (-1 - (1 + -2)). Suppose 0 = -i*m + 2*m - 10. Let d(q) = m*x(q) - 3*z(q). Calculate d(-3).
-4
Let z(a) = -a. Suppose -3*l - 3 = -5*j, -5*l + 6 = 4*j + 48. Let f(g) = 0*g**2 + 43*g**3 + g**2 + 5*g - 7 - 44*g**3. Let q(n) = l*z(n) - f(n). Determine q(0).
7
Suppose 4*y = -2*g + 26, 0 = -5*g - 3*y + y + 25. Let s = g + -3. Let q = s - -3. Let v(h) = 2*h - 2. What is v(q)?
4
Let z(p) = 4*p**2 + 4*p + 2. Let y(h) = 11*h**2 + 12*h + 5. Let l(f) = 3*y(f) - 8*z(f). Let x = -75 + 71. Determine l(x).
-1
Let h(k) = k + 5. Let a(q) be the third derivative of -q**3/6 - q**2. Let i(o) = -11*a(o) - 2*h(o). Let b = 60 - 55. Calculate i(b).
-9
Let x(b) be the second derivative of -b**3/3 + 4*b**2 + 7*b. What is x(7)?
-6
Let i(j) = j - 1. Let y(h) = 5*h + 8. Let o(n) = -4*i(n) + y(n). Suppose 4*r = 4*b - 0*b - 12, -r - 9 = -4*b. Let d = -4 + r. Determine o(d).
7
Let s(j) = -j**3 + 5*j**2 - j + 5. Suppose 3*t + u - 6*u = 20, u + 21 = 4*t. What is s(t)?
0
Let r = 167 - 161. Let f(g) be the first derivative of -g**4/4 + 7*g**3/3 - 4*g**2 + 8*g - 1. What is f(r)?
-4
Let b(m) = -3*m**2 + 12*m + 2. Let s(n) = -n**2 + 4*n + 1. Let q = 37 - 41. Let y(x) = q*b(x) + 11*s(x). Let u = -1 + 3. Determine y(u).
-1
Suppose 3*b + 3*w - 68 = -b, -2*b + w + 24 = 0. Let j(l) = -7*l**2 + b*l**2 - 3*l**3 - 6 - 5*l + 2*l**3 - l. Give j(6).
-6
Let g(t) = t**2 + 8*t + 7. Suppose 1 = -k - 3. Let j = -10 - k. Determine g(j).
-5
Let o be 6/21 + (-5)/(-7). Let y(z) = z - 1. Let m be y(2). Suppose -4 = 4*q - 2*d, -5*q - m = -4*d + o. Let l(c) = -4*c - 2. What is l(q)?
6
Let l(u) = 4*u - 5*u + 6*u. Let x be l(1). Let b(g) = g**3 - 4*g**2 - 5*g + 1. Calculate b(x).
1
Let g(l) be the third derivative of l**5/60 - l**3/3 - l**2. Let b be g(-2). Let n(q) = -2*q**2 + 3*q - 3. Determine n(b).
-5
Suppose -5*p + 15 = -2*p. Let w(k) = k. Give w(p).
5
Let z(d) = -4*d**2 + 2*d**3 + d**3 - 4*d**3. What is z(-2)?
-8
Let t be 10/25*(-5)/(-12). Let h(g) be the second derivative of -1/20*g**5 + 1/2*g**2 - g + 0 - t*g**4 + 1/2*g**3. What is h(-3)?
1
Let z(n) = -3*n**3 - 8*n**2 - 9*n + 13. Let v(f) = 4*f**3 + 12*f**2 + 13*f - 19. Let r(u) = 5*v(u) + 7*z(u). Determine r(4).
4
Let z(p) = -p**2 + p + 8. Let r(g) = -3*g**2 + 3*g + 26. Let t(u) = -2*r(u) + 7*z(u). Calculate t(4).
-8
Suppose -b - b = 4. Let g be 3 - (-2 - b) - 0. Suppose 0 = g*x + 1 - 16. Let l(c) = c**2 - 5*c + 7. Determine l(x).
7
Let r be 2/(-4) + 4/(-8). Let n(f) = -3*f**2 - 1. Let s(t) = t**2 - t - 1. Let c(q) = r*s(q) - n(q). Determine c(2).
12
Let z = 3 + -1. Suppose 29 = z*l - 7. Let b(k) = 8*k + 9*k - l*k - 3. What is b(3)?
-6
Let j(r) = 3*r**3 - 2*r - 2. Let v(u) = 10*u**3 - 7*u - 5. Let x(m) = 7*j(m) - 2*v(m). Let l be (-6)/27 - (-4)/18. Determine x(l).
-4
Suppose 5*o + i = 5*i + 11, -2*o = i - 7. Suppose -4*v - 3*y = 27, -o*v - v + 2*y = 2. Let q(w) = -w + 4. Give q(v).
7
Let l(t) = t. Let q(s) = s**2 - 4*s + 5. Let b(k) = -5*l(k) + q(k). Determine b(4).
-15
Let w(u) = -5*u**2 - 8*u - 3. Let c(l) = 4*l**2 + 8*l + 4. Let v(t) = 4*c(t) + 3*w(t). What is v(-7)?
0
Let p(w) = 2*w + 4*w - 7*w - 1 - 2*w**2 - 5*w**2. Determine p(-1).
-7
Let u(d) = 4*d - 2. Suppose h + 2*o - 2 = -0*o, -o + 3 = 0. Calculate u(h).
-18
Let k(n) be the first derivative of -n**4/4 - 4*n**3/3 + 5*n**2/2 - n + 3. Determine k(-5).
-1
Let u(l) = -l. Let k(q) = 4*q - 1. Let b(r) = 2*k(r) + 9*u(r). Let v be b(2). Let s(f) = f**2 + 6*f + 6. Calculate s(v).
-2
Let d(c) be the first derivative of -1 - 9/2*c**2 - c. Determine d(-1).
8
Let z(u) = -2*u**2 - 2*u + 3. Let x(w) = w**2 + 3*w - 7. Let p(c) = -c + 3. Let d(r) = 7*p(r) + 4*x(r). Let t(k) = 2*d(k) + 5*z(k). Determine t(-2).
-7
Let u = -101/15 - -37/5. Let w(r) be the first derivative of 0*r + 4 + 3*r**2 - u*r**3. Calculate w(4).
-8
Suppose -j - 3*i + 13 = -0, -j - 2 = -2*i. Let o(m) = 3*m - 4. Calculate o(j).
8
Let o = 1 + -2. Let v(d) be the second derivative of -d**6/120 - d**5/30 - d**4/24 - d**3/6 + d**2 - d. Let w(r) be the first derivative of v(r). What is w(o)?
-1
Let t(c) be the second derivative of -7*c**4/24 + c**3/6 + 2*c**2 - 4*c. Let b(n) be the first derivative of t(n). What is b(1)?
-6
Suppose -5*q - 1 = -16. Suppose 0*a - 5*a = 4*x - 6, q*a = x + 7. Suppose 4*l = -4*p + 20 - 0, 3*p - 15 = -a*l. Let m(j) = j**2 - 4*j + 1. Give m(p).
6
Let l(b) = b**2 + 4*b - 1. Let o = 4 - -3. Let m be (-5)/(-2)*(-9 + o). What is l(m)?
4
Let f be (-2 - -1)*6/(-2). Let c(r) = 4*r + 4*r**2 - r + r**2 - 4*r + r**f + 3. Determine c(-5).
8
Let k(u) = -3*u + 4. Let w = 1 + 3. What is k(w)?
-8
Suppose 2 - 6 = 2*q. Let j(g) = -7 - 10*g**2 + 2 - 1 + 4*g + 7*g**3. Let l(w) = -3*w**3 + 5*w**2 - 2*w + 3. Let n(m) = q*j(m) - 5*l(m). Calculate n(5).
7
Let a be 6/(-4)*4/(-3). Suppose -a*g - 3*g = 0. Let k(u) = u**2 - 4. What is k(g)?
-4
Let d(x) = -x**2 - 3*x + 1. Suppose -5*z = -2*z - 9. Let a be (-2)/(-7) - (-80)/(-35). Let w be 6*a*z/9. Determine d(w).
-3
Let x(y) = y + 2. Let q(p) = -p**2 + 7*p - 10. Let v(d) = d**2 - 7*d + 11. Let w(o) = -4*q(o) - 3*v(o). Let i be w(5). Let g be -6*i/6*1. Calculate x(g).
5
Let m(i) = i**3 + i**2 - i + 6. Let k be -2 + 1 + 5 + 2. Let r(v) = -v**2 + 6*v + 3. Let h be r(k). Suppose 6*p - h*p = 0. Give m(p).
6
Let b(h) = h**3 + h**2 + h - 4. Let r be b(2). Suppose -4*m + r = -2*s - 6, 0 = 3*s - m + 4. Let w(c) = c**3 - c + 4. Determine w(s).
4
Let b(o) = 4*o. Let i(h) = 5*h + 1. Let a(x) = -4*b(x) + 3*i(x). Let y be (18 - 1) + 9 + -11. Let z = y - 13. Give a(z).
1
Let f(x) = 1 - 6*x - 2 - x**2 - 1. Suppose -24 = 4*s + 2*s. Determine f(s).
6
Let i(q) be the second derivative of q**5/20 + 2*q**4/3 + 7*q**3/6 - 3*q**2 + 2*q. Calculate i(-7).
-6
Let u(s) = 4*s + 3. Let w = 1 + -8. Let i = 5 + w. Let f be (i + 21/6)*-2. Determine u(f).
-9
Let z(b) = -4*b + b**3 + 216*b**2 - 211*b**2 + 8*b. What is z(-4)?
0
Let v(u) = u + 14. Let a(f) = 7*f**3 + 6*f - 1 - 6*f. Let y be a(-1). Let t(k) = 5. Let n(l) = y*t(l) + 3*v(l). Determine n(-3).
-7
Suppose 4*y + 5 = -3. Let s(r) = -10*r - 3. What is s(y)?
17
Let a(m) = -4*m + 13 - 2*m - 6 + 4*m. Calculate a(6).
-5
Let j(x) = 9*x**2 + 5*x. Let r(p) = -11*p**2 - 6*p - 3. Let w(b) = -10*b**2 - 6*b - 2. Let m(d) = -2*r(d) + 3*w(d). Let i(g) = 5*j(g) + 4*m(g). Give i(-1).
12
Let v(m) = m - 1. Let g(y) = -y**2 - 3*y + 5. Let o(w) = 2*g(w) + 6*v(w). What is o(-3)?
-14
Let v(r) = r**2. Let c(w) = -3*w**2 + w - 2. Let o(l) = c(l) + 4*v(l). Calculate o(-3).
4
Let r(m) = m + 7. Let x(h) = -h - 8. Let t(u) = 6*r(u) + 5*x(u). Determine t(2).
4
Let z(q) = 7*q**2 - 5*q - 7. Let a(u) = -13*u**2 + 9*u + 13. Let t(x) = -6*a(x) - 11*z(x). Calculate t(2).
5
Let v(h) = -4*h**3 - h**2 - 2*h - 1. Suppose -3*j + 7*j + 21 = -g, -2*g - 17 = 3*j. Give v(g).
4
Let j(r) be the first derivative of r**4/12 - 2*r**3/3 - r**2/2 + 2. Let k(g) be the second derivative of j(g). Determine k(5).
6
Let s(o) = -5*o**2 - 29*o + 7. Let a(j) = -3*j**2 - 19*j + 5. Let m(c) = -8*a(c) + 5*s(c). What is m(6)?
1
Let w(p) = -5*p - 1. Let q be 15/4 + 1/4. Suppose 8*d - 4*d = q. Determine w(d).
-6
Let u = 2 + 5. Let p be (-37)/u + 4/14. Let l(o) = -2 - 3*o**2 + 4*o**2 + 0*o**2 - 2*o**2 - 6*o. What is l(p)?
3
Let y(v) be the second derivative of -2*v - 5/6*v**3 + 2*v**2 - 1/60*v**5 - 1/4*v**4 + 0. Let a(h) be the first derivative of y(h). Give a(-5).
0
Let x(f) = f**3 + 5*f**2 + 2*f - 3. Let h be x(-4). Let n(p) = 2*p - 2*p**2 - p**3 + h*p**2 - 4 + 6 + 3*p**3. Calculate n(-2).
-6
Let j(s) = -2*s - 1. Let i(d) = 5*d + 1. Let g be i(1). Suppose -h + 2 = g. Determine j(h).
7
Let y(v) = -27*v + 10*v - 3 + 18*v. Determine y(5).
2
Let h be (-4)/14 - (-60)/14. Suppose 0 = h*d - d. Let w = d + 1. Let q(k) = 7*k - 1. Give q(w).
6
Let x(w) be the first derivative of 5*w - 1/3*w**3 - 2*w**2 + 4. Let i(r) = 4*r - 1. Let a be i(-1). Give x(a).
0
Let m be ((-3)/2)/(-1*3/10). Let p(w) = w**3 - 6*w**2 + 5. Give p(m).
-20
Let g(k) = k**2 + k + 5. Suppose 3*s - 6*s = -s. Determine g(s).
5
Let s(p) = 5*p - 14. Let r(g) be the first derivative of g**2 - 7*g + 2. Let q(a) = 9*r(a) - 4*s(a). What is q(-5)?
3